 digit of z(14)?
2
Let l = 16 + -12. Suppose 50 = l*s - 0*s + 2*c, s - 35 = 4*c. What is the units digit of s?
5
Let a be (-48)/(-80) - 84/(-10). Suppose -11*v + 244 = -a*v. What is the units digit of v?
2
Suppose y - 5*y + 3*c = -7344, 0 = y + c - 1836. What is the thousands digit of y?
1
Suppose -20 = -2*x - 4*a, 3*x = -0*a + a + 9. Suppose x*j - 94 = -2*v - 3*v, 2*v = 4. What is the units digit of j?
1
Suppose -5*n + 105 = -0*n. Suppose n - 1 = 2*g. What is the units digit of (g/8)/(2/40)?
5
Let i(m) = -6*m**2 - m**3 + m - 2*m**2 + m**2 + 7. Let h be i(-7). Suppose -2*t + 5*t - 15 = h. What is the units digit of t?
5
Suppose 0 = -6*h + 13*h - 3339. What is the tens digit of h?
7
Let q(z) = -4*z**2 - 2*z + 435. What is the units digit of q(0)?
5
Suppose -5*s + 2*o = 29, 3*s + 8*o = 3*o - 5. Let u(g) = -2*g + 19. What is the units digit of u(s)?
9
Let c(m) = -m**2 - 3*m + 2. Let r be c(-3). Suppose r*k - 23 = k. What is the tens digit of k?
2
Suppose 14432 = 5*u + 572. Suppose -u = -10*a - 12. What is the units digit of a?
6
What is the units digit of 1093/(8/(3 - -5))?
3
Suppose -2*b = -3*f + 3178, f - 5*b - 1158 = -90. What is the units digit of f?
8
Let j(d) = 0 + 0 - 4 + 3 - 82*d. What is the tens digit of j(-1)?
8
Let p(a) = -a**3 + 6*a**2 + 5*a + 16. Let i be p(7). Suppose -i*q = 5*f - 1330, 2*f + 4*q - 268 = 280. What is the tens digit of f?
6
Let c be (-6*(-4)/(-8))/(-3). Let z(f) = 152*f + 4. What is the hundreds digit of z(c)?
1
Let a(m) = -10*m**2 - 29 - 5*m + 0*m**3 + 3*m**3 - 10*m - 4*m**3. What is the tens digit of a(-11)?
5
Let c(b) = -2*b - 4. Let g be c(-3). Suppose -v = -g*v + 2. Suppose 0 = m - 5, v*d + 2*m - 21 = 39. What is the units digit of d?
5
Let y(g) = g + 11. Let j be y(-11). Let o be 2 + (j + 264)/3. Suppose 3*d - 8*d + o = 0. What is the tens digit of d?
1
Let z = -14 - -18. Suppose -5*o - 10 = 3*c, -3*c = z*o - 0*o + 5. Suppose y + 296 = c*y. What is the tens digit of y?
7
Suppose 12*l - 18*l + 2028 = 0. What is the tens digit of l?
3
Let r = -27 - -38. Suppose -9 = 3*n, -n = -4*z + 2*n + 21. Suppose z = -g + r. What is the units digit of g?
8
Suppose -f = 2*l - 238, -5*f = 5*l - 0*f - 590. What is the tens digit of l?
2
Let g(n) = -4*n - 9 + 2*n - 4*n + 5*n**2. What is the tens digit of g(-3)?
5
Let z(r) = 2*r**3 + r**2 - 2*r + 2. Let a(g) = 2*g**3 - 3*g**2 + 1. Let s be a(2). Let c = s + -3. What is the units digit of z(c)?
8
Let o = 145 - -3. Suppose 4*p - 240 = -4*d, 3*d + 5*p = 6*d - o. What is the units digit of d?
6
Suppose -19 = -3*r - 4. Suppose 0 = -r*z - 0*z - 75. What is the tens digit of (z/(-6))/(4/16)?
1
Let h(s) = -4*s - 5. Suppose -w + 3*w - 1 = -f, -f - 1 = 3*w. Suppose -5*t + 12 = -2*p, -f*t + 15 = -3*p - 3. What is the tens digit of h(p)?
1
Let w be (-10)/(-1) + ((-16)/2)/2. Suppose w*m - 612 = 3*m - 3*s, -s = -5*m + 990. What is the units digit of m?
9
Let x(m) = -34 - 41 + 4*m + 53. What is the tens digit of x(8)?
1
Suppose 0 = -5*i + 4*j - 179, -3*j = i - 6*j + 27. Let y = i - -86. What is the tens digit of y?
4
Let i(u) = u**3 + 10*u**2 + 13*u - 4. Let l be i(-9). Let n = 67 + l. What is the tens digit of n?
2
Let o be (-3)/(-6) + 825/(-10). What is the tens digit of (o + 0)*3/(-6)?
4
Let j(y) = -2*y**3 - 7*y**2 - 6*y - 8. Suppose -4*p - 5 = d, 2 = 5*d + 5*p + 27. What is the units digit of j(d)?
7
Suppose -2*s - 1891 = -5*m, -10*m + 7*m + s = -1134. What is the tens digit of m?
7
Suppose -2*u - 3 = 13. What is the units digit of u/(-10)*(-1 + (-1068)/(-8))?
6
Suppose 3*z - 6*o = -2*o + 887, -1192 = -4*z + 3*o. What is the hundreds digit of z?
3
Let l = -1760 - -3885. What is the thousands digit of l?
2
Suppose -5*u + 4*w = 9, -5*w = 6 + 14. Let b be 11 + (u - (0 - 4)). What is the units digit of 218/b + 6/30?
2
Suppose -16 = -4*j + 2*x, -5*j - 4*x + 21 = -12. Suppose -7 = -4*o + j. Suppose -c = -2*w - 0*c + 72, -182 = -5*w + o*c. What is the tens digit of w?
3
Suppose -24*g + 26*g - 18 = 0. Suppose 5*v = -w + 255, -v + 5*w - g = -60. Let r = v + -38. What is the units digit of r?
3
Let i = -648 - -1211. What is the tens digit of i?
6
Suppose -5 = 2*h + 3, -5*h - 22 = -d. Suppose -5*i - 20 - 17 = -3*z, d*z - i = 34. What is the units digit of z?
9
Suppose -b - 14 = -0*b + 4*c, 0 = -3*c - 15. Suppose 0 = -2*j + b*j - 168. What is the tens digit of j?
4
Suppose 6*h = 5*h - 3. Let k(g) be the second derivative of g**4/12 - g**3/6 + 2*g**2 + 46*g. What is the tens digit of k(h)?
1
Suppose 21 = u + 4. Suppose 3*t + 253 + u = 0. What is the tens digit of 6/(-45)*3*t?
3
Let w be 6*(-5 - 372/(-8)). Suppose -m = -4*p + 363, -2*m + 63 = -2*p + w. What is the units digit of p?
0
Suppose -2*i - 470 = -7*i. What is the units digit of i?
4
Suppose -2*k - 20 = -5*z, 0 = 2*z - k - k - 2. Suppose -105 = -z*d + 9*d. Let u = d + 66. What is the tens digit of u?
3
Suppose w + 0*w = -2*v + 11, -1 = -v - 2*w. Let l be 7 - v - (2 - 2). Suppose -5*h + 62 = -0*y + y, l = -3*y + 5*h + 86. What is the units digit of y?
7
Let q be ((-504)/(-6))/7 - 7. Suppose 2*b = 3*b - 138. Suppose 2*n + b = q*n. What is the tens digit of n?
4
Let z = 3714 + -2133. What is the thousands digit of z?
1
Let l(s) be the first derivative of -3*s**2/2 + 15*s + 4. Suppose 3*b = 7 - 40. What is the units digit of l(b)?
8
Let h = -13 + 13. Suppose h = 3*x + 6 + 6. What is the tens digit of (x - -5)*(18 - -1)?
1
Let l = 237 - -131. Suppose -5*t - 3*t = -l. What is the tens digit of t?
4
Let z(c) be the third derivative of -c**4/12 + 13*c**3/6 + 10*c**2. Let s be z(7). What is the units digit of (s/(-3))/((-11)/(-1155))?
5
Let d = 5 - -2. Suppose -g = -d*g + 18. Suppose g*n + 3*q - 72 = -0*n, -2*q + 126 = 5*n. What is the units digit of n?
6
Let r(v) = 33*v + 716. What is the tens digit of r(-14)?
5
Suppose -2*g - g + 75 = 0. Suppose 2*t + g = 5*h, -2*t + h = 20 - 7. Let k(y) = -y**2 - 8*y - 4. What is the tens digit of k(t)?
1
Let q(o) = 4 - 3 + 205*o - 203*o - 2. Suppose -2*x - 2*x + 38 = -2*c, 5*x = 2*c + 50. What is the tens digit of q(x)?
2
Let a(d) = 3*d - 6. Let r(o) = -o. Let v(k) = -a(k) - 2*r(k). Let f be v(3). Suppose -3*u - 1 = -4*u, 70 = f*c - 2*u. What is the tens digit of c?
2
Let p be (-9)/6*(-68)/3. Let r = 20 + p. What is the units digit of r?
4
Suppose v + 2051 = 3*o, o - 264 = -5*v + 425. Suppose -7*r + r + o = 0. What is the hundreds digit of r?
1
Let x = 219 - -31. Let b = -14 - -18. Suppose 0 = b*i - x + 94. What is the tens digit of i?
3
Suppose -3*m - 2*t = -t, -2*m = 4*t + 10. What is the tens digit of 1/(-4)*m - 1191/(-12)?
9
Let y(s) = 11*s**2 + 11*s - 69. What is the thousands digit of y(-13)?
1
Let s(p) = -p**2 + 8*p + 174. What is the units digit of s(0)?
4
Suppose 7 = 4*t + 3. Suppose 0 = c - t + 5. What is the tens digit of 2/c*(-720)/12?
3
Let t(m) = 2*m**2 - 5*m. Let s be t(5). Suppose b + s = 69. Suppose -b = -2*g - 4*p, -g + 5*p - 19 = -2*g. What is the tens digit of g?
2
Suppose 3*b = 2*i - 234, 0 = 3*i + 10*b - 9*b - 340. Suppose 10*k - 4*k - i = 0. What is the tens digit of k?
1
Let z be 8/36 - (-1)/(18/140). Suppose 3*o - 246 = -z*u + 3*u, -o + 102 = -5*u. What is the units digit of o?
7
Suppose -3 = 5*r - 23. Let j(v) = 6*v. Let w be j(r). Let b = w - 16. What is the units digit of b?
8
Suppose -5*s - 2*n = -n - 128, 0 = 5*s - 5*n - 140. Suppose -2*y + s = -p + 67, -p = -4*y - 33. What is the tens digit of p?
4
Suppose 31 - 19 = 6*w. Suppose 0 = 5*q + w*d - 1233 + 66, -2*q - 2*d + 462 = 0. What is the units digit of q?
5
Suppose -22289 = -20*d - 11*d. What is the hundreds digit of d?
7
Let z(c) = -c**3 + 2*c**2 + 4*c - 5. Let u be z(2). Suppose -3*m + 2*m = 3*g - 341, u*g + 5*m - 361 = 0. What is the hundreds digit of g?
1
Let k be (-2 + (0 - 2))/(-6 + 4). Suppose -k*t - 41 = -237. What is the tens digit of t?
9
Let b(z) = -z**2 + 4*z - 2. Let o be b(2). Suppose 0 = 2*w + 3*w - o*f - 971, 0 = w + 5*f - 205. What is the units digit of w?
5
Let k = 6 + -2. Suppose 0 = z - k*z + 147. Let a = -26 + z. What is the tens digit of a?
2
Let l(z) = -z**2 + 7*z - 5. Let x be l(5). Suppose -4*c = -5*v + 155, 0 = x*c - 3*c - 2*v + 76. Let u = c + 58. What is the tens digit of u?
2
Suppose -4 = 5*k - 19, -28 = -5*r - k. Suppose -20 = -5*f - r. What is the units digit of f?
3
Suppose 11*d = 10*d - 75. Let n = 